- 22 - 10. Give o(-8).
-18
Let m be 4 + 3/((-3)/4). Suppose -4*q - 22 - 6 = m. Let w(r) = -r**3 - 8*r**2 - 8*r - 6. What is w(q)?
1
Let c(y) = -y**3 + 2*y - 3. Suppose -10 = 7*k + 11. Give c(k).
18
Let u(w) = 17 + 744*w + 3*w**3 - 16*w**2 - 763*w - 2*w**3. Determine u(17).
-17
Let t(m) = -3*m**2 + 8*m - 5. Let l(r) = -r**2 + r - 1. Let a(n) = -4*l(n) + t(n). Let x(k) = -k**2 - 4*k + 2. Let s(g) = 2*a(g) + 3*x(g). What is s(-5)?
-1
Let w(x) = -2*x**2 + 4*x**2 - 3*x**2. Let r(v) = 66*v + v**3 - 8*v**2 - 38*v - 32*v. Let t(m) = r(m) - 6*w(m). What is t(3)?
-3
Let n(q) = -q**3 + q**2 + 2*q + 1. Let x be (-1)/(-1)*0/(-2). Let i be n(x). Let h(g) = 2*g - 2*g + g**3 - 2*g + i. Give h(2).
5
Let m(l) = -4*l - 6. Suppose i + 3*j = -2 - 9, -i - 4*j - 13 = 0. Give m(i).
14
Let r(p) = -19*p**3 - 5*p**2 + 2*p + 11. Let y(v) = v**2 - 2. Let d(s) = r(s) + 5*y(s). Calculate d(-1).
18
Let a be (3*1)/(13/182). Let z(l) = -83*l - 7 + 40*l + a*l. Determine z(-6).
-1
Let m(u) = -u**2 + u - u**3 + 95 - 100 + 12*u**2. Calculate m(11).
6
Let n(w) = 3*w**2 - 11116*w + 11109*w - 2*w**2 - 6 + 0*w**2. Suppose 5*u + 1 = 36. What is n(u)?
-6
Suppose -3*q - 11 = -6*q + 2*m, 4*q + 4*m = 28. Let h(j) = -j + 4*j - q + 0*j - j. Determine h(4).
3
Let r(u) = -u**3 - 15*u**2 - u - 10. Let q be r(-15). Let s(l) = -l**3 + 5*l**2 - 2*l + 5. Determine s(q).
-5
Let u(n) be the first derivative of -n**2 + 9*n + 25. Let i(l) = l. Let o(c) = 3*i(c) + u(c). What is o(-6)?
3
Suppose -5*l + 11 + 24 = 0. Let g(z) = -l + 4*z**2 - 7*z**2 + z**3 - 2*z**2 - z + 3*z. Give g(5).
3
Let g(a) = -a**2 - 29*a - 162. Let m be g(-21). Let y(r) = -r**3 + 6*r**2 - r + 6. Calculate y(m).
0
Let a(h) = -h - 6. Suppose 28*z + 46 = -10. Calculate a(z).
-4
Let x(n) = -77 + 69 + 6*n - 9*n. Calculate x(-3).
1
Suppose 2*b = -47 + 17. Let t be 4/(-2)*b/10. Let i(j) be the first derivative of -j**4/4 + j**3 - j**2/2 + 3*j - 1. What is i(t)?
0
Let p(q) be the second derivative of -q**5/20 - q**4/12 + 4*q**3/3 + 5*q**2/2 + 4*q + 29. Calculate p(-3).
-1
Suppose 0 = h - 4*h. Let k(n) be the first derivative of -n**6/360 + n**5/120 - 7*n**4/24 - n**3 + 3. Let m(t) be the third derivative of k(t). Determine m(h).
-7
Let k = -8/31 - -79/186. Let q(h) be the second derivative of -1/3*h**3 + 0 + k*h**4 - 6*h + 1/2*h**2. Determine q(2).
5
Let i = -2 - -11. Suppose 34 - i = 5*v. Suppose -2*p + v*a = -0*p - 15, 0 = -3*p + a + 3. Let k(q) = -q**2 + q - 5. What is k(p)?
-5
Let o be (-3)/(-2)*8/3. Suppose 15 = -o*w - w. Let s(l) = l**3 + 4*l**2 + l - 4. Determine s(w).
2
Let h be 2 + 4 - (5 + 4). Let o(k) = -4*k - 4. What is o(h)?
8
Let n(o) = 32*o**2 + 27*o. Let q(w) = -7*w**2 - 5*w. Let u(m) = 2*n(m) + 11*q(m). Let z be (-6)/(-4)*4/6. Calculate u(z).
-14
Let v(a) = -13*a**2 + 8*a - 4. Let i(u) = 3*u**2 + 5*u**2 - 2 + 4 - 4*u - u**2. Let l be (-6 - -24)*3/9. Let g(k) = l*v(k) + 11*i(k). Calculate g(4).
-2
Let x(h) = -8*h - 1. Suppose -41 = 5*c - 26. Let f be (1 - 3) + c + 3 + 1. What is x(f)?
7
Let q(a) = -7*a + 3*a + a**2 + 2*a + 52 - 50. What is q(2)?
2
Let s(v) = -v - 3 - v + 0*v. Let u(k) = -k**2 - k + 1. Let l be u(-3). What is s(l)?
7
Let o(n) = -2*n - 4. Let p = -13 - -2. Let v(y) = y**2 + 10*y - 7. Let r be v(p). Suppose q + q = z, -4*z - 12 = -r*q. Determine o(z).
8
Let y(u) = u**2 + 8*u - 8. Suppose -13*r - 22 = -9*r - 2*w, -8 = r + 2*w. What is y(r)?
-20
Let g(i) = -57*i - 55*i - 17 - 3 + 116*i. Give g(6).
4
Let k(c) be the first derivative of -c**5/10 - c**4/6 + c**3/6 - c**2 - 2*c + 2. Let y(l) be the first derivative of k(l). Let q = -312 - -310. What is y(q)?
4
Let y(v) = v - 8. Suppose 22*u - 86 = 90. Give y(u).
0
Suppose -2*k = -5 - 3. Let z(h) = h + 1 - h**2 + 4 - k. Determine z(3).
-5
Let y(c) = 7*c**2 + 953 - 964 - 2*c + c. Let s(l) = 6*l**2 - 2*l + l - 3*l**2 - 5. Let o(m) = 5*s(m) - 2*y(m). Give o(4).
1
Suppose 3*c = 4*c, 3*c = 3*v - 57. Suppose -g + 17 = 2*k + 58, 3*g - 3 = 0. Let d = v + k. Let z(q) = q + 2. Calculate z(d).
0
Let n(z) be the second derivative of z**4/3 - 2*z + 132. Determine n(-1).
4
Suppose -1 = 5*b - 4*j - 2, -2*b - 5*j + 7 = 0. Let m(g) = -49*g + 5. Let z(i) = 166*i - 17. Let c(q) = 7*m(q) + 2*z(q). Determine c(b).
-10
Let x = -26 + 26. Suppose x = 2*h + 1 - 13. Let k(j) = -j**3 + 5*j**2 + 7*j + 1. Calculate k(h).
7
Let v(r) be the second derivative of -r**5/20 + r**4/12 + r**3/6 - 3*r**2/2 + 3*r. Suppose -9*u + 7*u = 0. What is v(u)?
-3
Let v = -19 - -30. Let o(x) = 402*x - 199*x - 12 - 3 - 202*x. Determine o(v).
-4
Let r(w) = 55 - 78 + 18 - w**3 + 8*w**2. Give r(8).
-5
Suppose -2 - 10 = -3*m. Suppose 4 = -m*x + 16. Let y(z) = 2*z**2 + 16 - x*z**2 - 20 + 3*z. What is y(3)?
-4
Let f = 2 + -1. Let g be 2 + -2 + (1 - -2). Let r(p) = 5*p + 3*p - g*p - 3*p. Calculate r(f).
2
Let m(c) be the first derivative of -c**2/2 + 14*c - 221. Let v(d) = d + 19. Let s be v(-9). Calculate m(s).
4
Let b(d) = d**3 + 40*d**2 + 42*d + 114. Let z be b(-39). Let j(w) = -2*w + 4. Determine j(z).
10
Let y(c) be the second derivative of c**4/12 - 7*c**3/6 - c**2/2 + 3*c. Let q(d) = d**3 - 22*d**2 + 71*d + 23. Let o be q(18). Calculate y(o).
-11
Suppose -5*c + 2*d = -16, 5 = c - 5*d - 12. Let j(f) = f**2 - f - 2. Let n be j(c). Let s(g) = -g**3 - 6. Determine s(n).
-6
Let o(m) = 18*m - 5. Let w = -21 - -17. Let f(a) = -17*a + 4. Let h(v) = w*o(v) - 5*f(v). Let k = -18 + 17. What is h(k)?
-13
Let y(n) = n**3 + 3*n**2 + 5*n + 4. Suppose 4*q - 3*l + 12 = 0, 0 = 36*q - 39*q + l - 9. Determine y(q).
-11
Let o be ((-6)/(-5))/((-21)/(-175)). Let s(r) = 7*r + r**2 + 3 + 6 - o. Give s(-5).
-11
Let c(z) = -3*z + 1. Let v(b) = b - 5. Let q(j) = 3*c(j) + v(j). Determine q(0).
-2
Suppose -c = -4*p - 26 + 15, 0 = -c + 5*p + 13. Let h(z) = -z**2 + 2*z + 1. Give h(c).
-2
Let i = -117 - -130. Let d(p) = -28*p**2 + 1 + 40*p**2 - i*p**2. What is d(0)?
1
Let c(z) = -12*z**2 + 1. Let r(v) = v**3 - 29*v**2 - v - 3. Let d(s) = 3*c(s) - r(s). Calculate d(-7).
-1
Let z(a) be the second derivative of a**5/20 - 13*a**4/12 + 7*a**3/3 - 9*a**2 - 2*a - 22. Determine z(12).
6
Suppose -7 = -4*v + s, 10*v = 5*v - s + 20. Suppose -v*i - 10 - 26 = 0. Let y = -11 - i. Let p(u) = -7*u - 1. What is p(y)?
-8
Let v(y) = -y**2 - 2*y - 1. Suppose -90 + 82 = 4*r. Calculate v(r).
-1
Let q(f) = -f**2 + 8*f - 7. Suppose 2*a - 2 = 0, -3*l + 2 = -0*l + 5*a. Let z = 6 + l. Determine q(z).
8
Suppose 0 = -p + 4, 3*p - 27 - 21 = 4*g. Let r be (-2)/g - 58/18. Let y(u) = 3*u + 3. Calculate y(r).
-6
Let u be -17*(-10)/1020*3/1. Let h(z) be the second derivative of u*z**3 + 10*z + 1/20*z**5 - 3/2*z**2 + 0 - 1/4*z**4. What is h(2)?
-1
Let o be 14/63*(-54)/(-3). Let l(b) = b**2 + 7*b - 5. Determine l(o).
39
Let x(v) be the second derivative of -v**4/12 + 3*v**3/2 + 27*v**2/2 + 112*v. Determine x(11).
5
Let w be (-1)/21*-3 + 72/(-14). Let u(l) = -l**3 - 4*l**2 + 8*l + 10. Give u(w).
-5
Let w(b) = -5*b - 6. Let a be -2*(-3)/(-6)*-11. Let z(m) = -m - 1. Let x(o) = a*z(o) - 2*w(o). Suppose 4*q + 2 - 6 = 0. Determine x(q).
0
Let g(u) = u**3 - u**2 + 48. Let i be g(0). Let f(d) = 18*d. Let l(p) = -p. Let q(b) = i*l(b) + 3*f(b). Suppose -9 = -4*z - 1. Give q(z).
12
Let c(h) be the third derivative of h**6/120 + h**5/15 - 3*h**4/8 - 5*h**3/2 - 325*h**2. What is c(-5)?
5
Let b = 492 - 488. Let o(j) = -6*j + 13. What is o(b)?
-11
Let z(k) = k + 2. Let p(q) = 32*q - 66. Let s be p(2). Determine z(s).
0
Let n(c) be the third derivative of c**5/60 - c**4/4 - 5*c**3/6 - c**2. Let w(m) = -7*m - 32. Let d be w(-5). Let v be (-63)/(0 + d)*(-1)/3. Give n(v).
2
Suppose -10*p - 2 = -8*p. Let u(r) = -r**2 - 8*r - 4. Let z(l) = l**2 - l + 1. Let k(s) = p*z(s) + u(s). Give k(-4).
-9
Let p(o) be the second derivative of 0 + 1/6*o**4 - 3/2*o**2 + 5/6*o**3 + 25*o. What is p(-4)?
9
Let a(i) = 2*i + 1. Let r(g) = -8*g + 1. Let k(h) = 2*a(h) + r(h). Determine k(4).
-13
Let m(f) be the third derivative of -f**6/120 - f**5/12 - 5*f**4/24 - f**3 + f**2 - 35. What is m(-4)?
-2
Let y(h) = 2*h**3 - 4*h**2 + 2*h + 3. Suppose 13*p - 58 = -19. What is y(p)?
27
Let f(d) = 3*d**3 + d**2 - 1. Let y(q) = -16*q**3 - 12*q**2 + 7*q - 5. Let a(u) = -5*f(u) - y(u). Determine a(-8).
2
Let m(b) be the first derivative of 7/2*b**2 + 3*b - 1/3*b**3 + 2. Determine m(6).
9
Let y(q) = -q**2 - 6*q + 8. Let k be y(-6). Let